 u(q) be the first derivative of -4*q**3/3 - 5*q**2 - 21*q - 72. Let l be u(-2). Let j(r) = r**2 + 16*r - 10. Give j(l).
7
Let r be (10 + ((-7931)/(-110))/(-7))/(36/(-10)). Let h(u) be the second derivative of -13*u - r*u**4 + 0 + 3/2*u**3 - 3/2*u**2. Give h(7).
11
Let m(f) = -f - 3. Let s(k) = -2*k**2 - 20*k + 30. Let r be s(-11). Suppose 14*b - r = -50. Determine m(b).
0
Let h(v) = -2*v - 11 - v + 3*v - v. Suppose 0 = 5*i + 470 - 55. Let a = -88 - i. Determine h(a).
-6
Let m = 3 - 0. Suppose 0 = -m*v - 5 - 4. Let i(y) = 50*y + 1 - y**2 - 104*y + 50*y. Calculate i(v).
4
Let r be 183/(-12) + 15*(-4)/(-48). Let b(q) = -13*q - 176. What is b(r)?
6
Let b(g) = 11*g**3 - 40*g**2 + 10*g. Let t(x) = 2*x**3 - 6*x**2 + 1. Let n(m) = -b(m) + 5*t(m). Give n(8).
53
Let b be (-4 - (-56)/12)/((-2)/(-1074)). Let f = b - 354. Let k(t) = t**2 + t + 3. Give k(f).
23
Let n(d) = -d**2 - 12*d - 9. Let x(a) be the third derivative of -a**4/24 - a**3/3 + 57*a**2. Let k(i) = n(i) - 3*x(i). Let b = 16 - 24. Determine k(b).
5
Let b(w) = -2*w**2 - 1. Let z(m) = 5*m**2 - m + 5. Suppose g = -2*x + 5, -x = -9*g + 7*g. Let o(q) = g*z(q) + 2*b(q). What is o(0)?
3
Suppose 0 = -5*f - 5*c + 40, 3*c = 13 - 4. Let t(v) = -4*v**2 + 3*v**2 + 109 - 111 + f*v. Suppose 4*y = -8, 5*b + 0 = -5*y + 15. Give t(b).
-2
Let i(f) = f**2 - 11*f + 1. Suppose 2*t = 4*c - 40, t = 2*c - 4*c + 4. What is i(c)?
-29
Suppose 5*p = -4*f + 35, 2*f + 7 - 17 = 0. Let n be 2/(1 - (-3)/(-9)). Let y(v) = n*v - p*v - v - 7. Calculate y(-4).
-3
Suppose 0 = -s - 3*l + 13, l - 5*l = -8. Let t(j) = 80*j + 79*j - 345*j + 5 + 84*j - j**3 + 95*j + 8*j**2. What is t(s)?
5
Suppose -q - 36 = 5*q. Suppose 0 = -5*s + 161 - 166. Let a(r) = -7*r + 19. Let h(i) = i - 1. Let g(x) = q*h(x) + s*a(x). What is g(9)?
-4
Let q = -422 + 523. Let h(i) = 225*i - 10*i**2 - 138*i - i**3 - 7 + 2*i**3 - q*i. What is h(11)?
-40
Let j(c) = -6*c**2 + 7*c - 4. Let u(f) = -5*f**2 + 6*f - 3. Let l(q) = 3*j(q) - 4*u(q). Let p = -162 + 164. Determine l(p).
2
Let o(k) = 5*k**2 + 25*k - 3. Let a(r) = 9*r**2 + 64*r - 6. Let t(m) = 2*a(m) - 5*o(m). Determine t(-1).
-7
Let p(a) = -a**2 - a - 64. Let h = -4876 + 4876. Calculate p(h).
-64
Suppose 5*a + 1 - 16 = 0. Suppose 0 = -a*k - 9*k + 384. Suppose 3*y = 5*i + 2*y - k, y = 3. Let j(g) = -g**2 + 8*g + 2. Give j(i).
9
Let o(x) = 4*x**3 - x**2 + 6*x - 5. Let h = -2646 - -2648. Give o(h).
35
Let c(n) = 8*n - 7. Let a be 2/3*(-42)/4. Let x(k) = 7*k - 7. Let l(j) = a*x(j) + 6*c(j). Let u(p) = 53*p + 326. Let w be u(-6). What is l(w)?
-1
Suppose 0*t - 11*t = -66. Suppose 0 = 2*h - 3*u + t + 25, 5*u = -5*h - 40. Let v(k) = k**3 + 11*k**2 + 2. Calculate v(h).
2
Let g(p) = 11*p - 87. Let q be (-11 - -9) + 14 - 4. What is g(q)?
1
Let g be 2*6/(-40) - 7568/(-1760). Let b(s) be the first derivative of 5/2*s**2 - g*s + 29. Determine b(-3).
-19
Let p(b) = -4*b - 18. Let v be p(-6). Suppose -v*z = -59 + 83. Let m(y) = y**2 - y - 17. What is m(z)?
3
Let v(w) be the first derivative of 2*w**2 - 2. Suppose 0 = 57*b + 488 - 545. Let m be v(b). Let d(o) = -o**2 + 4*o + 2. Give d(m).
2
Let o = 230 + -127. Suppose -99 = 2*m - o. Let l(s) = -1 - 13 + 9 - m*s + 4*s. Determine l(6).
7
Let i(a) = 9*a - 1. Let u = -27 - -29. Suppose -u*c = -0*c - 4. Suppose 3*n = -2*v + 3, -c*v + 2 - 7 = -5*n. Determine i(n).
8
Suppose 3*y = 3*v + 9, 0 = v - 1543*y + 1541*y + 1. Let m(x) be the second derivative of 0 + x + 1/3*x**4 + 7/2*x**2 + 1/20*x**5 - 1/2*x**3. Determine m(v).
-3
Suppose -1910*c + 7056 = -4404. Let p(v) = 5*v + 11 - v - 5*v. Determine p(c).
5
Let r(h) = 41*h**3 - 94*h**2 + 31. Let m(b) = 32*b**3 - 71*b**2 + 23. Let v(s) = -9*m(s) + 7*r(s). Determine v(0).
10
Let s(v) = 4*v**2 - 4*v + 3. Let m = 58 + -178. Let k = 122 + m. Give s(k).
11
Let t(u) = 2*u**2 + 36*u - 5. Let x be (67/(-5) - 4) + 9/60*-4. Calculate t(x).
-5
Suppose -30 = 11*y + 91. Let v(p) = p**2 + 16*p + 27. Give v(y).
-28
Let p(w) = 26*w - 82. Let h be p(6). Let s = h + -80. Let l(c) = -c**2 + 1. Let r(d) = -4*d**2 - 6*d - 5. Let v(n) = -3*l(n) + r(n). Give v(s).
-8
Let g(z) = 2*z**2 + 7*z - 32. Let a be (923/(-143) - (-18)/(-33)) + 1. Determine g(a).
-2
Let v = -16 - -5. Let x(h) be the third derivative of h**6/120 + 11*h**5/60 + h**4/24 + 7*h**3/3 + 2121*h**2. Calculate x(v).
3
Let o(k) = k - 8. Let j be o(-6). Let p be (-136)/2*1 - (10 + j). Let z = 70 + p. Let t(l) = -l**3 + 4*l**2 + 9*l - 1. Calculate t(z).
-19
Let u be (-282)/(-47)*9/(-6). Let p(o) = -o**3 - 7*o**2 + 20*o + 13. Determine p(u).
-5
Suppose j = -f - 12, 0 = j - 2*j + 2*f - 3. Let y be ((-15)/2)/(j/12). Let a = y - 10. Let w(m) = -m - 5. Calculate w(a).
-5
Let k(z) = 22*z**2 + 7*z - 15. Let p(i) be the first derivative of -13*i**3/3 - 3*i**2/2 + 8*i + 181. Let r(y) = 3*k(y) + 5*p(y). Determine r(-7).
2
Let l(q) = 20*q**2 - 22*q + 9. Let f(z) = -37*z**2 + 43*z - 14. Let p(a) = 6*f(a) + 11*l(a). What is p(8)?
15
Let t(m) = 1687*m**2 + 17*m + 12 - 983*m**2 - 700*m**2. What is t(-1)?
-1
Let k = 45 + -41. Let m be (5 + -1)/(k/10). Let p(n) = m + n - 3*n + n. Calculate p(0).
10
Let m be (77/(-7))/((-12 - -6)/6). Let h(f) = -6*f**3 - 39*f**2 - 71*f - 16. Let v(z) = z**3 + 8*z**2 + 14*z + 3. Let w(j) = -2*h(j) - 11*v(j). Give w(m).
-12
Suppose u - 8 = -3*c, 2*c = -4*u - 2 + 24. Let b(z) = c + 0*z - 3*z + 15*z**2 - 17*z**2 - z. Determine b(-2).
1
Let p be 8/48*86*(0 + 18). Let k = 261 - p. Let h(y) = y**3 - 3*y**2 - 2*y - 2. What is h(k)?
-8
Let m(h) = -7*h**2 + 20*h - 5. Let y(p) = -12*p**2 + 39*p - 8. Let g(r) = 9*m(r) - 5*y(r). Give g(-4).
7
Let z(v) be the first derivative of -v**6/360 + 3*v**5/40 + v**4/8 + 103*v**3/3 + 143. Let o(w) be the third derivative of z(w). Calculate o(6).
21
Let t(y) be the second derivative of -y**5/20 - 7*y**4/12 - y**3/2 + 13*y**2/2 - 294*y. What is t(-4)?
-23
Let j(n) = 8*n - 2. Suppose 0 = -4*m + 43 + 29. Let z be 30/135 - (-50)/m. Give j(z).
22
Let z(o) be the second derivative of -o**4/12 + 4*o**3/3 + 5*o**2/2 + 1030*o. What is z(10)?
-15
Let x(r) be the first derivative of 0*r + 5 - 16*r**2 + 0*r**3 + 1/6*r**4. Let g(v) be the second derivative of x(v). What is g(-2)?
-8
Suppose -120 = -h - 73. Let v(p) = 2 + 88*p - h*p - 4*p**2 - 42*p. Determine v(-2).
-12
Suppose 17*a + 104 = -288 - 67. Let d(j) = j**3 + 27*j**2 + 3*j + 64. Determine d(a).
-17
Let n(p) = -p**2 - 37*p - 3. Let u(m) = -m**2 - 4*m + 23. Let k be u(-10). Let z be n(k). Let s(d) = -9*d - 4. Calculate s(z).
23
Let f(o) = -5*o - 5. Let y(x) = -x**3 + 5*x**2 + 8*x. Let v be y(6). Suppose 5*h - 2*q = -16, -v*q + 15 = -7*q. Determine f(h).
5
Let v be (1168/876)/((-6)/(-189)). Let j(r) = r**2 - 46*r + 164. Determine j(v).
-4
Let b(z) = -z**3 - 7*z**2 + 9*z + 12. Let x(u) = 6*u**3 + 34*u**2 - 43*u - 60. Let k(g) = 10*g - 78. Let l be k(8). Let d(t) = l*x(t) + 11*b(t). What is d(7)?
5
Let q(r) = -r**3 - 7*r**2 + 9*r + 11. Let p(h) = 66 - 14*h - 35 + 101 + 28 + h**2 + 45*h. Let b be p(-7). What is q(b)?
3
Suppose 2*x - 6 = 0, 7 = -2*r + 3*x + 2*x. Let w(p) = 3*p - 5*p + 2*p - r*p - 5. What is w(-2)?
3
Suppose -3 - 9 = -3*b. Let h(a) = a**2 - 4*a - 5. Let d be h(b). Let p(k) be the second derivative of -k**4/12 - 7*k**3/6 - 3*k**2 + k - 1488. Determine p(d).
4
Let d(s) = s**3 + 5*s**2 + 10*s + 8. Suppose 6*z - 9*z = -3*o - 6, z + o = -8. Give d(z).
-4
Let m(x) be the third derivative of -2*x**2 - 1/15*x**5 + 1/8*x**4 + 1/6*x**3 - 1/120*x**6 + 0 - 24*x. Calculate m(-4).
-11
Let r(q) = -q**3 - q**2 + 6*q - 9. Let g = 4434 - 4430. What is r(g)?
-65
Let r(q) = q**2 - 6*q + 2. Let y be 20/3*180/150. Suppose -6*i + 9*i = o + 8, -2*i + y = 2*o. Determine r(i).
-7
Let n(i) be the second derivative of 1/2*i**3 + 0 + 27*i - 1/20*i**5 + 0*i**2 + 1/4*i**4. Calculate n(3).
9
Suppose 5*v + 2*i - 8 - 6 = 0, v + 3*i = 8. Suppose 3*w + 3*o - 3 = 0, -8*o + v = 3*w - 6*o. Let c(b) = -b**2 + 2*b - 11. What is c(w)?
-11
Let d(q) be the third derivative of q**5/60 - q**4/24 - q**3 + q**2 + 33. Suppose 0 = -5*a + 2*y + 2, 0 = -3*a + 2*y - 0*y + 2. Calculate d(a).
-6
Let h(z) = z**3 - 40*z**2 + 109*z + 83. Suppose -531 = -15*m + 24. What is h(m)?
9
Let v(j) = -3*j**2 + j - 6. Let z(x) = x**2 + x + 1. Let i(c) = v(c) + 5*z(c). Let a be (10/(-7))/(278/973). Calculate i(a).
19
Let k(d) = -38 - 1 - 33*d + 46*d. Let y be k(3). Le